osite?
True
Let h = -14 - -12. Let w be (h/6)/(2/(-30)). Suppose 3*n + 478 = 4*a - 880, -w*a - 3*n = -1711. Is a composite?
True
Suppose -5*k + 7*k - q = 294, k + 2*q - 157 = 0. Is k prime?
True
Suppose 3 = 3*p + 3*f - 4*f, 5*f + 15 = p. Let z = 2 + p. Suppose -3*c + 5*b + 257 = 0, 0 = b - z - 0. Is c a prime number?
True
Let d be 5/25 - (-12392)/(-10). Is 24/36*d/(-2) prime?
False
Suppose -2*j + 622 = -2*w, -w + 1208 = 4*j + 4*w. Suppose -2*i + 3*i = j. Is i a prime number?
True
Suppose 0 = 103*b - 3078633 - 3105178. Is b a prime number?
True
Is (-2108529)/(-27) - 1/(-3) composite?
True
Suppose -10*m + 12*m - r = 1066, 3*r = 0. Is m a prime number?
False
Let t be 151*2/4*-14. Let a = 2044 + t. Suppose 4*m - m = a. Is m prime?
False
Suppose -76*p = -82*p + 32898. Is p a prime number?
True
Let k(t) = -187*t**3 - 2*t**2 + 3*t + 40. Is k(-3) a prime number?
False
Is 47/((-4)/6 - (-70)/60) composite?
True
Let w be 2/8*-10*-2. Let z(a) = -a**3 + 9*a**2 - 8*a. Let h be z(8). Suppose h = -w*b + 145 + 450. Is b composite?
True
Let n(z) = 3*z**3 - 2*z**2 - 11*z + 9. Let o be n(8). Let q = -638 + o. Is q prime?
True
Let a(r) = 2*r**3 - 13*r**2 - 8*r + 11 - 21 - 11. Is a(10) a composite number?
False
Let b = 863 - 335. Suppose 2*c - 1643 = -w, 3*c + b = w - 1135. Is w composite?
True
Suppose -201 + 84 = -o. Suppose -4*d = -3*p + 335, p + 2*d - o = -2*d. Is p prime?
True
Let r be ((-1656)/(-99))/4 - (-4)/(-22). Suppose 0 = -2*y + 2*j + 96, 36 = y - 3*j - 4. Is 4464/y - r/(-26) a prime number?
False
Let w(b) = 3*b**3 - 6*b**2 - 11*b - 5. Let a(t) = 9*t**3 - 18*t**2 - 32*t - 14. Let l(u) = 6*a(u) - 17*w(u). Is l(9) composite?
False
Is (-2)/((-18)/(-47439)*-3) composite?
True
Suppose -3*b - 375 = 351. Suppose 293 - 14 = -3*s. Let a = s - b. Is a a composite number?
False
Suppose -4*j + 0*j = -4*p - 8, -4*p - 2*j = -16. Suppose -114 = 5*l + 5*m - 449, 3*m = 4*l - 282. Suppose -p*c = c - l. Is c composite?
False
Let k = 4 - 5. Let x = -11 + k. Let u = x + 26. Is u composite?
True
Suppose -5*q = -4*z - 35721, 2*q + 5*z = -3344 + 17606. Is q prime?
False
Let d be (12/(-8) + 2)*10. Suppose -4*h - d*n = -46 - 169, -2*n + 108 = 2*h. Is h a prime number?
False
Is (-3 + -9410)/((-4)/4) a composite number?
False
Let l(a) = a**2 + 9*a + 16. Let m be l(-7). Suppose w - b = -3*b + 331, 0 = -m*w + b + 677. Is w a prime number?
True
Let i = 15 + -11. Suppose 0 = 3*o - 4*f - 3849, -2*f + 0*f + 5132 = i*o. Is o a prime number?
True
Let b be (-4)/(16/4)*0. Suppose 3*x + b = 3. Is 19/x + -2 + 2 prime?
True
Let b(n) be the third derivative of -3*n**4 + 31*n**3/6 + 7*n**2. Is b(-7) prime?
False
Let t(m) = -75*m - 16. Is t(-19) composite?
False
Let a = 10 + -22. Let s = 26 + a. Is (92/(-6))/(s/(-105)) a prime number?
False
Suppose 2*s = 6*s - 16. Let o = s - 1. Suppose -2*h + 1675 = o*h. Is h a composite number?
True
Let h(r) = r**3 - 25*r**2 - 12*r + 2. Let d be h(29). Let k = d - 1285. Is k a prime number?
True
Let g = 101 - -28. Suppose 3*f + 14 = 4*a, 5*a + f + 2*f - 4 = 0. Suppose a*r = 1067 - g. Is r a composite number?
True
Let f = 1442 - -3785. Is f a composite number?
False
Let y(c) = -5*c**2 - 5*c + 2. Let l be y(-5). Let x = l - -151. Is x a prime number?
True
Suppose 2*i = 3*k + 5528, -2*i + 5*k + 5530 = k. Is i composite?
True
Let q(j) = 166*j**2 - 9*j + 16. Is q(13) composite?
False
Suppose -17 = 4*d + 15. Let p = d - -22. Suppose 23 = l - p. Is l prime?
True
Suppose 4*w - 157419 = -w - s, 4*s = -w + 31499. Is w prime?
False
Suppose -i = 3*i - 4*s - 6008, -4*i + 3*s = -6005. Is i a prime number?
True
Let h be (-7)/((-28)/160) + 0. Suppose z = 54 + h. Is z prime?
False
Let l be (-80)/(-48) - (-2)/(-3). Is (-7)/(-21) + l/3*668 a composite number?
False
Suppose -131287 = 79*s - 92*s. Is s a prime number?
True
Let u = -8 - -217. Suppose -u = -2*j + 3623. Let b = -1353 + j. Is b prime?
True
Let h be 2/(-6)*(-1 - 5). Let s(g) = -2*g + 2 - h + 6 - 39*g. Is s(-5) prime?
True
Let r(a) = -2*a**2 + 3*a + 6. Let s be r(-4). Let j = s + 59. Let f = 34 - j. Is f composite?
False
Suppose 8 = 2*i - 0. Let l be 72/20 + i/10. Is 19/(l/(-16)*-4) a prime number?
True
Let n(b) = 20*b**2 + 14*b - 39. Let i be n(11). Let g = -1256 + i. Is g prime?
True
Let f(p) = 226*p + 31. Let a(j) = j. Let b(s) = 2*a(s) + f(s). Is b(5) a prime number?
True
Let j be 0*1/3*1. Let b be 2 + -1 + (j - -1). Is 0/b - 417/(-3) a prime number?
True
Suppose t = -5, t + 25026 = 5*i - 1014. Is i composite?
True
Let m be 16096/(-112) + (-2)/7. Is (-21182)/(-18) - 32/m prime?
False
Is (-4)/12 - (-110126)/51 composite?
True
Let z(u) = -u - 2. Let c be z(-5). Suppose 4*o - 11 + c = 0. Suppose -o*w + 65 = w + 2*m, -4*w + m + 72 = 0. Is w a prime number?
True
Let t be 8/((-4)/(-2)) - 24. Let p = t - -17. Let j = p + 121. Is j composite?
True
Let g(p) = p**3 + 16*p**2 + 13*p + 1. Is g(-14) composite?
False
Let z be (44/(-33))/((-2)/(-87)). Let m be 3500/30 + 2/6. Let y = z + m. Is y a prime number?
True
Let k(v) = 3*v**3 - v**2 - 5*v + 1. Let w(q) = -q + 6. Let s be w(6). Suppose -4*d + 5*x + 21 = 0, 4*x + 0 + 4 = s. Is k(d) a composite number?
False
Suppose y - s = -1026, 3*s = -4*y + 8*y + 4109. Let r = 1552 + y. Is r a composite number?
False
Let m(l) = -16*l + 4. Let b be m(-8). Let t = 511 - b. Is t a composite number?
False
Let x = 7045 - -649. Is x composite?
True
Suppose 0*p - 2*p = -6738. Is p prime?
False
Suppose 5*l - 11 = 4. Suppose j - 2721 = -l*y, -4403 - 132 = -5*y - j. Is y a composite number?
False
Suppose -3*d = -6*d + c + 20, 0 = 2*d + 3*c - 6. Let y be -14 + 13 - (-1 + d). Is -3 - 31*y/3 composite?
False
Let i(f) = -11*f**2 - 5*f - 1. Let a be i(-5). Let g = 779 + -401. Let z = g + a. Is z prime?
True
Suppose 17*y - 5996 - 22785 = 0. Is y composite?
False
Is -2 + 68524 - (15 - 26) composite?
True
Let r = -331 + 39. Let y = r - -647. Is y composite?
True
Let n = -693 + 2050. Is n - 0 - (-36)/(45/5) prime?
True
Let m(j) = j - 4. Let b be m(5). Let k be (48/36)/(b/147). Suppose 3*p - 89 = k. Is p composite?
True
Let f(s) be the third derivative of 583*s**4/24 + 20*s**2. Is f(1) a prime number?
False
Let t(x) = -11*x - x + 9 - 5*x. Is t(-4) prime?
False
Is 3/(-1)*-7817*3/9 a composite number?
False
Suppose -2*l - 4*s = 15 + 1, -4*s = 8. Is (-2033)/(-11) + l/(-22) prime?
False
Suppose 57*g - 43*g - 1778 = 0. Is g composite?
False
Suppose -1128 = -2*j + 5*j. Let x = j + 845. Is x prime?
False
Let r(m) = m**3 + 8*m**2 + 3. Let l be r(-8). Suppose -5*g = 2*u + 989 - 5172, 4*g - 3328 = l*u. Is g a composite number?
True
Is 0/(-2) - (-5 + 7 + -5485) prime?
True
Let r(i) = 5*i - 3. Let v(f) = -3*f + 2. Let g(m) = -4*r(m) - 9*v(m). Let u be g(4). Let a = u + 25. Is a a prime number?
True
Suppose -2 = v - 0. Let r be (0*3/(-6))/v. Suppose y = -r*y + 209. Is y prime?
False
Suppose 8*b - 12918 = 2*b. Is b a composite number?
False
Let f be 2/(-4) + (-18)/(-12). Let w = f - -408. Is w a prime number?
True
Suppose 2*t = 1 + 7. Let x = 613 + -401. Is x + (t + 2)/2 a prime number?
False
Suppose 3*w + 110 = -415. Let p = w + 309. Is p a prime number?
False
Let r(v) = -5*v + 17. Let y be r(5). Let a be (-420)/y*4/5. Let j = 93 - a. Is j a composite number?
True
Suppose -4*r = -8*r - 684. Let y = -3 - r. Suppose o + y = 3*k, 3*k + 4*o + 122 = 5*k. Is k a prime number?
False
Suppose 2*j - 4*p = 8, 0 = -4*j - p + 17 + 8. Let m be (-387)/j*(-8)/(-6). Is 2*m*1/(-4) a composite number?
False
Let j(f) = -f**2 + 4*f. Let d be j(3). Suppose k - d*k + 238 = 0. Is k prime?
False
Let a(s) = -2847*s**3 + 7*s**2 + 5*s + 2. Let n(i) = -2*i**3 - i**2 - i. Let o(p) = -a(p) - 6*n(p). Is o(1) composite?
False
Let h = -111 + 110. Is 58/116*(-1)/(h/7642) prime?
True
Let a = 93 + -99. Is (-4)/6 + (-1324)/a + 1 a prime number?
False
Suppose -3*i + 3799 = -2*r, -5*i + 6319 = 4*r - r. Suppose -2*c - 12 = -2*b, -b - 3*c - c = 9. Suppose 2*s - i = -b*s. Is s a composite number?
True
Let z be (-2)/(-4) + 156/8. Let h = 121 - z. Suppose h + 65 = 2*x. Is x composite?
False
Let w = 2 + 24. Let a be w/143 - (-3758)/22. Suppose -2*d + a = -75. Is d composite?
True
Is (964/4)/(2/74) - 4 prime?
False
Suppose 0 = -2*s + 3*s - 4*u - 113, 3*s = -u + 339. Suppose 2*g + s = 351. Is g prime?
False
Suppose -p - 18007 = -5*y, -3*p - 2*p - 10791 = -3*y. Is y a